{"id":66,"date":"2016-12-27T14:34:17","date_gmt":"2016-12-27T13:34:17","guid":{"rendered":"http:\/\/www.mirekandrusiewicz.pl\/?page_id=66"},"modified":"2021-08-08T10:01:33","modified_gmt":"2021-08-08T08:01:33","slug":"o-mnie","status":"publish","type":"page","link":"https:\/\/www.mirekandrusiewicz.pl\/?page_id=66","title":{"rendered":"O MNIE"},"content":{"rendered":"<div id=\"dslc-content\" class=\"dslc-content dslc-clearfix\"><div id=\"dslc-main\">\r\n\t\t\t<div  class=\"dslc-modules-section  dslc-full \" style=\"padding-top:5px;padding-bottom:5px;background-color:rgba(0,0,0,0);\" data-section-id=\"48bd574dd95\">\r\n\t\t\t\t\r\n\t\t\t\t\r\n\t\t\t\t<div class=\"dslc-modules-section-wrapper dslc-clearfix\"><div  class=\"dslc-modules-area dslc-col dslc-12-col dslc-last-col dslc-valign- \" data-size=\"12\" data-valign=\"\" data-modules-area-id=\"\" ><style type=\"text\/css\" id=\"dslca-modules-area-\"><\/style>\r\n\t\t<div id=\"dslc-module-d1287cdc058\" class=\"dslc-module-front dslc-module-DSLC_Image dslc-in-viewport-check dslc-in-viewport-anim-none  dslc-col dslc-4-col  dslc-module-handle-like-regular \" data-module-id=\"d1287cdc058\" data-module=\"DSLC_Image\" data-dslc-module-size=\"4\" data-dslc-anim=\"none\" data-dslc-anim-delay=\"\" data-dslc-anim-duration=\"650\"  data-dslc-anim-easing=\"ease\" data-dslc-preset=\"none\" >\r\n\r\n\t\t\t\r\n\t\t\t\r\n\t\t\t\t<div class=\"dslc-image-container\">\r\n\t\t<div class=\"dslc-image\">\r\n\r\n\t\t\t\r\n\t\t\t\t\r\n\t\t\t\t\t\t\t\t\t<img src=\"https:\/\/www.mirekandrusiewicz.pl\/wp-content\/uploads\/2021\/08\/mirek-450x450.png\" alt=\"\" title=\"\" srcset=\"https:\/\/www.mirekandrusiewicz.pl\/wp-content\/uploads\/2021\/08\/mirek.png 2832w, https:\/\/www.mirekandrusiewicz.pl\/wp-content\/uploads\/2021\/08\/mirek-300x300.png 300w, https:\/\/www.mirekandrusiewicz.pl\/wp-content\/uploads\/2021\/08\/mirek-1024x1024.png 1024w, https:\/\/www.mirekandrusiewicz.pl\/wp-content\/uploads\/2021\/08\/mirek-150x150.png 150w, https:\/\/www.mirekandrusiewicz.pl\/wp-content\/uploads\/2021\/08\/mirek-768x768.png 768w, https:\/\/www.mirekandrusiewicz.pl\/wp-content\/uploads\/2021\/08\/mirek-1536x1536.png 1536w, https:\/\/www.mirekandrusiewicz.pl\/wp-content\/uploads\/2021\/08\/mirek-2048x2048.png 2048w, https:\/\/www.mirekandrusiewicz.pl\/wp-content\/uploads\/2021\/08\/mirek-520x520.png 520w, https:\/\/www.mirekandrusiewicz.pl\/wp-content\/uploads\/2021\/08\/mirek-740x740.png 740w\" sizes=\"(max-width: 2832px) 100vw, 2832px\" \/>\r\n\t\t\t\t\r\n\t\t\t\t\t\t\t\t\t<\/div><!-- .dslc-image -->\r\n\t\t<\/div>\r\n\t\t\r\n\t\t\t\t<\/div><!-- .dslc-module -->\r\n\t\t\r\n\t\t<div id=\"dslc-module-66eb6ce9803\" class=\"dslc-module-front dslc-module-DSLC_Text_Simple dslc-in-viewport-check dslc-in-viewport-anim-none  dslc-col dslc-8-col dslc-last-col  dslc-module-handle-like-regular \" data-module-id=\"66eb6ce9803\" data-module=\"DSLC_Text_Simple\" data-dslc-module-size=\"8\" data-dslc-anim=\"none\" data-dslc-anim-delay=\"\" data-dslc-anim-duration=\"650\"  data-dslc-anim-easing=\"ease\" data-dslc-preset=\"none\" >\r\n\r\n\t\t\t\r\n\t\t\t\r\n\t\t\n\t\t<div class=\"dslc-text-module-content\">\n\t\t\t<h2 style=\"text-align: center;\"><strong>Pracownik bran\u017cy\u00a0<em>badania i rozw\u00f3j<\/em><\/strong><\/h2>\n<h4><strong>Profil kompetencji<\/strong><\/h4>\n<ul>\n \t<li>\n<h4><span style=\"color: #000000;\">znajomo\u015b\u0107 bran\u017cy <em>Life-Science<\/em><\/span><\/h4>\n<\/li>\n \t<li>\n<h4><span style=\"color: #000000;\">czternastoletnia praktyka w prowadzeniu prac\u00a0B+R <\/span><\/h4>\n<\/li>\n \t<li>\n<h4><span style=\"color: #000000;\">wieloletnie do\u015bwiadczenie w kszta\u0142ceniu<\/span><\/h4>\n<\/li>\n \t<li>\n<h4><span style=\"color: #000000;\">do\u015bwiadczenie w zarz\u0105dzaniu projektami i zasobami ludzkimi<\/span><\/h4>\n<\/li>\n \t<li>\n<h4><span style=\"color: #000000;\">prowadzenie analiz statystycznych<\/span><\/h4>\n<\/li>\n \t<li>\n<h4><span style=\"color: #000000;\">korekta tekst\u00f3w, przygotowanie grafiki, prezentacja wynik\u00f3w<\/span><\/h4>\n<\/li>\n \t<li>\n<h4><span style=\"color: #000000;\">bieg\u0142a obs\u0142uga komputera<\/span><\/h4>\n<\/li>\n \t<li>\n<h4><span style=\"color: #000000;\">przygotowanie DTP<\/span><\/h4>\n<\/li>\n \t<li>\n<h4><span style=\"color: #000000;\">znajomo\u015b\u0107 j\u0119zyka angielskiego i niemieckiego<\/span><\/h4>\n<\/li>\n\n<\/ul>\t\t<\/div>\n\n\t\t\r\n\t\t\t\t<\/div><!-- .dslc-module -->\r\n\t\t<\/div><\/div><\/div>\r\n\t\t\t<div  class=\"dslc-modules-section  dslc-full \" style=\"padding-top:5px;padding-bottom:5px;background-color:rgba(0,0,0,0);\" data-section-id=\"0ab70e1c15c\">\r\n\t\t\t\t\r\n\t\t\t\t\r\n\t\t\t\t<div class=\"dslc-modules-section-wrapper dslc-clearfix\"><div  class=\"dslc-modules-area dslc-col dslc-12-col dslc-last-col dslc-valign- \" data-size=\"12\" data-valign=\"\" data-modules-area-id=\"\" ><style type=\"text\/css\" id=\"dslca-modules-area-\"><\/style>\r\n\t\t<div id=\"dslc-module-sudqgrefghc\" class=\"dslc-module-front dslc-module-DSLC_Text_Simple dslc-in-viewport-check dslc-in-viewport-anim-none  dslc-col dslc-12-col dslc-last-col  dslc-module-handle-like-regular \" data-module-id=\"sudqgrefghc\" data-module=\"DSLC_Text_Simple\" data-dslc-module-size=\"12\" data-dslc-anim=\"none\" data-dslc-anim-delay=\"\" data-dslc-anim-duration=\"650\"  data-dslc-anim-easing=\"ease\" data-dslc-preset=\"none\" >\r\n\r\n\t\t\t\r\n\t\t\t\r\n\t\t\n\t\t<div class=\"dslc-text-module-content\">\n\t\t\t<h1 style=\"text-align: center;\"><strong>Do\u015bwiadczenie i wykszta\u0142cenie<\/strong><\/h1><p style=\"text-align: center;\">pracownik naukowo-dydaktyczny<br>Uniwersytet Medyczny im. Karola Marcinkowskiego w Poznaniu <br>(11\/2002 \u2013 obecnie)<\/p><h4>zakres obowi\u0105zk\u00f3w:<\/h4><ul><li><h4>badania naukowe, analizy statystyczne, przegl\u0105d literatury<\/h4><\/li><li><h4>korekta, opracowanie graficzne i merytoryczne publikacji do druku<\/h4><\/li><li><h4>aplikacja wniosk\u00f3w grantowych i rozliczanie projekt\u00f3w<\/h4><\/li><li><h4>wsp\u00f3\u0142praca z kontrahentami zewn\u0119trznymi- kszta\u0142cenie, organizacja pracy student\u00f3w obcoj\u0119zycznych<\/h4><\/li><li><h4>administracja systemem zarz\u0105dzania i rozliczania godzin<\/h4><\/li><li><h4>wewn\u0119trzna obs\u0142uga informatyczna<\/h4><\/li><li><h4>projektowanie i administracja strony internetowej pracodawcy<\/h4><\/li><\/ul><h5>wykszta\u0142cenie:<\/h5><table style=\"border-style: none; width: 100%;\" width=\"100%\"><tbody><tr><td width=\"50%\"><h4 style=\"text-align: center;\"><strong>Uczelnia<\/strong><\/h4><\/td><td width=\"50%\"><h4 style=\"text-align: center;\"><strong>Wykszta\u0142cenie\/stopie\u0144<\/strong><\/h4><\/td><\/tr><tr><td width=\"50%\"><h5>Uniwersytet im. Adama Mickiewicza w Poznaniu, Wydzia\u0142 Biologii (2002 r.)<\/h5><\/td><td width=\"50%\"><h5>magister biologii (w zakresie biologia molekularna)<\/h5><\/td><\/tr><tr><td width=\"50%\"><h5>Uniwersytet Medyczny im. Karola Marcinkowskiego w Poznaniu, Wydzia\u0142 Nauk o Zdrowiu (2006 r.)<\/h5><\/td><td width=\"50%\"><h5>doktor nauk medycznych (z zakresu medycyny)<\/h5><\/td><\/tr><tr><td width=\"50%\"><h5>Uniwersytet Medyczny im. Karola Marcinkowskiego w Poznaniu, Wydzia\u0142 Lekarski II (2017 r.)<\/h5><\/td><td width=\"50%\"><h5>doktor habilitowany nauk medycznych (dyscyplina biologia medyczna)<\/h5><\/td><\/tr><tr><td width=\"50%\"><h4 style=\"text-align: center;\"><strong>Studia podyplomowe<\/strong><\/h4><\/td><td width=\"50%\"><h4 style=\"text-align: center;\"><strong>Nazwa studi\u00f3w<\/strong><\/h4><\/td><\/tr><tr><td width=\"50%\"><h5>Wy\u017csza Szko\u0142a Bankowa w Poznaniu, Wydzia\u0142 Finans\u00f3w i Bankowo\u015bci (2011 r.)<\/h5><\/td><td width=\"50%\"><h5>Menad\u017cer Projektu Badawczo-Rozwojowego<\/h5><\/td><\/tr><tr><td width=\"50%\"><h5>Collegium Da Vinci w Poznaniu (2017 r.)<\/h5><\/td><td width=\"50%\"><h5>Grafika projektowa<\/h5><\/td><\/tr><tr><td width=\"50%\"><h5>Uniwersytet Ekonomiczny w Poznaniu, Wydzia\u0142 Ekonomii, Katedra Statystyki i Demografii (2018 r.)<\/h5><\/td><td width=\"50%\"><h5>Statystyczna analiza danych w administracji i biznesie<\/h5><\/td><\/tr><tr><td colspan=\"2\" width=\"100%\"><h4 style=\"text-align: center;\"><strong>Kwalifikacje zawodowe (PRK4)<\/strong><\/h4><\/td><\/tr><tr><td colspan=\"2\" width=\"100%\"><h5>A.25. Wykonywanie i realizacja projekt\u00f3w multimedialnych wyodr\u0119bnione w zawodach: technik cyfrowych proces\u00f3w graficznych 311911, fototechnik 343104 (2018 r.)<\/h5><\/td><\/tr><\/tbody><\/table>\t\t<\/div>\n\n\t\t\r\n\t\t\t\t<\/div><!-- .dslc-module -->\r\n\t\t<\/div><\/div><\/div>\r\n\t\t\t<div  class=\"dslc-modules-section  dslc-full \" style=\"padding-top:5px;padding-bottom:5px;background-color:rgba(0,0,0,0);\" data-section-id=\"183de073eb0\">\r\n\t\t\t\t\r\n\t\t\t\t\r\n\t\t\t\t<div class=\"dslc-modules-section-wrapper dslc-clearfix\"><div  class=\"dslc-modules-area dslc-col dslc-12-col dslc-last-col dslc-valign- \" data-size=\"12\" data-valign=\"\" data-modules-area-id=\"\" ><style type=\"text\/css\" id=\"dslca-modules-area-\"><\/style>\r\n\t\t<div id=\"dslc-module-4lk65bjso28\" class=\"dslc-module-front dslc-module-DSLC_Text_Simple dslc-in-viewport-check dslc-in-viewport-anim-none  dslc-col dslc-12-col dslc-last-col  dslc-module-handle-like-regular \" data-module-id=\"4lk65bjso28\" data-module=\"DSLC_Text_Simple\" data-dslc-module-size=\"12\" data-dslc-anim=\"none\" data-dslc-anim-delay=\"\" data-dslc-anim-duration=\"650\"  data-dslc-anim-easing=\"ease\" data-dslc-preset=\"none\" >\r\n\r\n\t\t\t\r\n\t\t\t\r\n\t\t\n\t\t<div class=\"dslc-text-module-content\">\n\t\t\t<h2 style=\"text-align: center;\"><strong>Najwa\u017cniejsze realizowane projekty<\/strong><\/h2><h2>Kierownik projekt\u00f3w<\/h2><h5>Wp\u0142yw polimorfizmu pojedynczych nukleotyd\u00f3w (SNP) w genie podjednostki beta ludzkiej gonadotropiny kosm\u00f3wkowej na jej ekspresj\u0119 w nowotworach \u017ce\u0144skich narz\u0105d\u00f3w p\u0142ciowych; \u017ar\u00f3d\u0142o finansowania: NCN 2011\/01\/B\/NZ4\/03487<\/h5><h5>Ekspresja mRNA podjednostki beta ludzkiej gonadotropiny kosm\u00f3wkowej (hCGb) w endometrium, jego rozrostach oraz nowotworach; \u017ar\u00f3d\u0142o finansowania MNiSW 2 P05E 076 27 \u2013 grant promotorski<\/h5><h5>Oznaczanie poziomu ekspresji gen\u00f3w metabolizmu podstawowego w endometrium ektopowym i\u00a0eutopowym technik\u0105 Real-Time PCR; \u017ar\u00f3d\u0142o finansowania: MNiSW 502-14-044410519-08342 \u2013 grant w ramach programu \u201eM\u0142odzi naukowcy\u201d<\/h5><h2>G\u0142\u00f3wny wykonawca<\/h2><h5>System transdukcji sygna\u0142u estrogenowego zwi\u0105zany z bia\u0142kiem PELP1 w m\u0119skim uk\u0142adzie rozrodczym, \u017ar\u00f3d\u0142o finansowania: NCN 2016\/23\/D\/NZ5\/02604<\/h5><h5>Wp\u0142yw czynnik\u00f3w epigenetycznych na predyspozycj\u0119 do wyst\u0119powania oraz na posta\u0107 kliniczn\u0105 skoliozy idiopatycznej - badanie globalnej i metylacji DNA oraz lokalnej metylacji wysp CpG gen\u00f3w receptor\u00f3w estrogenowych typu 1 i typu 2 oraz genu ladybird homeobox 1; \u017ar\u00f3d\u0142o finansowania:\u00a0 NCN 2016\/23\/D\/NZ5\/02606<\/h5><h5>Badanie ekspresji gen\u00f3w CGB1 i CGB2 oraz CGB3-9 koduj\u0105cych podjednostk\u0119 beta ludzkiej gonadotropiny kosm\u00f3wkowej w nowotworach \u017ce\u0144skich narz\u0105d\u00f3w p\u0142ciowych; \u017ar\u00f3d\u0142o finansowania: MNiSW N N407 275439<\/h5><h5>Rola podjednostki beta ludzkiej gonadotropiny kosm\u00f3wkowej w regulacji apoptozy kom\u00f3rek nowotworowych; \u017ar\u00f3d\u0142o finansowania: MNiSW N N407 459138<\/h5><h5>Wykorzystanie metylacji wysp CpG dla wczesnego wykrywania endometriozy; \u017ar\u00f3d\u0142o finansowania: MNiSW N N 407 084836<\/h5><h5>Zastosowanie profilu ekspresji gen\u00f3w do wykrywania kom\u00f3rek raka kr\u0105\u017c\u0105cych we krwi pacjentek z\u00a0nowotworami uk\u0142adu rozrodczego; \u017ar\u00f3d\u0142o finansowania: MNiSW N N407 1095 33<\/h5><h5>Badania nad rol\u0105 hCG\u00df w molekularnej patogenezie nowotwor\u00f3w narz\u0105d\u00f3w p\u0142ciowych z wykorzystaniem konstrukt\u00f3w U1 snRNA do blokowania transkrypt\u00f3w tego genu; \u017ar\u00f3d\u0142o finansowania: MNiSW 2P0 5E 077 27<\/h5><h2>Wykonawca<\/h2><h5>Badania nad ekspresj\u0105 genu beta-podjednostki gonadotropiny kosm\u00f3wkowej w kom\u00f3rkach nietrofoblastycznych nowotwor\u00f3w narz\u0105d\u00f3w p\u0142ciowych; \u017ar\u00f3d\u0142o finansowania: MNiSW 4 P05E 162 22<\/h5><h5>Analiza ilo\u015bciowa ekspresji surwiwiny oraz jej wariant\u00f3w splicingowych w guzach przysadki oraz w\u00a0rakach tarczycy; \u017ar\u00f3d\u0142o finansowania: MNiSW N N402\u00a0523 040<\/h5><h5>Badania nad polimorfizmem genu receptora estrogenowego typu I i II, genu CHD7 w celu prognozowania rozwoju skoliozy idiopatycznej u dzieci (wykrywanie skolioz zagro\u017conych progresj\u0105); \u017ar\u00f3d\u0142o finansowania: MNiSW N N403 584038<\/h5><h5>Ekspresja genu DAZ u m\u0119\u017cczyzn z prawid\u0142ow\u0105 i zaburzon\u0105 spermatogeneza; \u017ar\u00f3d\u0142o finansowania: KBN 4P0 5E 019 19<\/h5><h5>Wisfatyna w nadczynno\u015bci tarczycy; \u017ar\u00f3d\u0142o finansowania: NCN 2012\/07\/N\/NZ5\/01736<\/h5><h5>Ocena p\u0142ywu bia\u0142ek macierzy szkliwa na system transdukcji sygna\u0142u BMP\/Smad w liniach kom\u00f3rkowych fibroblast\u00f3w dzi\u0105se\u0142 i kom\u00f3rek nab\u0142onka jamy ustnej cz\u0142owieka; \u017ar\u00f3d\u0142o finansowania MNiSW N N402\u00a0523\u00a0040<\/h5><h5>Ekspresja surwiwiny w guzach przysadki; \u017ar\u00f3d\u0142o finansowania: MNiSW N N402 083734<\/h5><h5>Ghrelina w akromegalii oraz guzach niewydzielaj\u0105cych przysadki; \u017ar\u00f3d\u0142o finansowania: MNiSW N N402 12832<\/h5>\t\t<\/div>\n\n\t\t\r\n\t\t\t\t<\/div><!-- .dslc-module -->\r\n\t\t<\/div><\/div><\/div>\r\n\t\t\t<div  class=\"dslc-modules-section  dslc-full \" style=\"padding-top:5px;padding-bottom:5px;background-color:rgba(0,0,0,0);\" data-section-id=\"50c9fad5a9d\">\r\n\t\t\t\t\r\n\t\t\t\t\r\n\t\t\t\t<div class=\"dslc-modules-section-wrapper dslc-clearfix\"><div  class=\"dslc-modules-area dslc-col dslc-12-col dslc-last-col dslc-valign- \" data-size=\"12\" data-valign=\"\" data-modules-area-id=\"\" ><style type=\"text\/css\" id=\"dslca-modules-area-\"><\/style>\r\n\t\t<div id=\"dslc-module-q7gu2au6pj8\" class=\"dslc-module-front dslc-module-DSLC_Text_Simple dslc-in-viewport-check dslc-in-viewport-anim-none  dslc-col dslc-12-col dslc-last-col  dslc-module-handle-like-regular \" data-module-id=\"q7gu2au6pj8\" data-module=\"DSLC_Text_Simple\" data-dslc-module-size=\"12\" data-dslc-anim=\"none\" data-dslc-anim-delay=\"\" data-dslc-anim-duration=\"650\"  data-dslc-anim-easing=\"ease\" data-dslc-preset=\"none\" >\r\n\r\n\t\t\t\r\n\t\t\t\r\n\t\t\n\t\t<div class=\"dslc-text-module-content\">\n\t\t\t<h2 style=\"text-align: center;\"><strong>Do\u015bwiadczenie dydaktyczne<\/strong><\/h2><p style=\"text-align: center;\">(11\/2002 \u2013 obecnie)<\/p><ul><li><h5>Prowadzone przedmioty:<\/h5><\/li><li><h5>Biologia medyczna<\/h5><\/li><li><h5>Biostatystyka<\/h5><\/li><li><h5>Biotechnologia w medycynie<\/h5><\/li><li><h5>Diagnostyka molekularna<\/h5><\/li><li><h5>Histologia z cytofizjologi\u0105<\/h5><\/li><li><h5>Kom\u00f3rki macierzyste w biologii i medycynie<\/h5><\/li><li><h5>Metody obliczeniowe w badaniach medycznych<\/h5><\/li><li><h5>Nowoczesne techniki diagnostyczne<\/h5><\/li><li><h5>Podstawy biostatystyki<\/h5><\/li><li><h5>Statystyka w medycynie<\/h5><\/li><li><h5>Technologie informacyjne<\/h5><\/li><li><h5>Biofizyka<\/h5><\/li><\/ul>\t\t<\/div>\n\n\t\t\r\n\t\t\t\t<\/div><!-- .dslc-module -->\r\n\t\t<\/div><\/div><\/div>\r\n\t\t\t<div  class=\"dslc-modules-section  dslc-full \" style=\"padding-top:5px;padding-bottom:5px;background-color:rgba(0,0,0,0);\" data-section-id=\"0f77198a78f\">\r\n\t\t\t\t\r\n\t\t\t\t\r\n\t\t\t\t<div class=\"dslc-modules-section-wrapper dslc-clearfix\"><div  class=\"dslc-modules-area dslc-col dslc-12-col dslc-last-col dslc-valign- \" data-size=\"12\" data-valign=\"\" data-modules-area-id=\"\" ><style type=\"text\/css\" id=\"dslca-modules-area-\"><\/style>\r\n\t\t<div id=\"dslc-module-htsmorsiadg\" class=\"dslc-module-front dslc-module-DSLC_Text_Simple dslc-in-viewport-check dslc-in-viewport-anim-none  dslc-col dslc-12-col dslc-last-col  dslc-module-handle-like-regular \" data-module-id=\"htsmorsiadg\" data-module=\"DSLC_Text_Simple\" data-dslc-module-size=\"12\" data-dslc-anim=\"none\" data-dslc-anim-delay=\"\" data-dslc-anim-duration=\"650\"  data-dslc-anim-easing=\"ease\" data-dslc-preset=\"none\" >\r\n\r\n\t\t\t\r\n\t\t\t\r\n\t\t\n\t\t<div class=\"dslc-text-module-content\">\n\t\t\t<h2 style=\"text-align: center;\"><strong>Umiej\u0119tno\u015bci i kompetencje spo\u0142eczne<\/strong><\/h2><h4>\u200b<strong>Umiej\u0119tno\u015bci:<\/strong><\/h4><ul><li><h5>j\u0119zyki: polski \u2013 ojczysty, angielski \u2013 zaawansowany, niemiecki \u2013 \u015bredniozaawansowany<\/h5><\/li><li><h5>bardzo dobra znajomo\u015b\u0107 pakiet\u00f3w: MS Office, OpenOffice, Corel<\/h5><\/li><li><h5>dobra znajomo\u015b\u0107 CMS, Microsoft Share Point Designer, WordPress<\/h5><\/li><li><h5>podstawowa znajomo\u015b\u0107 Adobe (Photoshop, Illustrator, InDesign)<\/h5><\/li><li><h5>swoboda w pos\u0142ugiwaniu si\u0119 narz\u0119dziami \u015brodowiska internetowego<\/h5><\/li><li><h5>obs\u0142uga urz\u0105dze\u0144 biurowych<\/h5><\/li><li><h5>prawo jazdy kat. B (od 2002 roku)<\/h5><\/li><\/ul><h4><strong>kompetencje spo\u0142eczne:<\/strong><\/h4><ul><li><h5>wszechstronno\u015b\u0107, \u0142atwo\u015b\u0107 uczenia si\u0119<\/h5><\/li><li><h5>zaanga\u017cowanie, konsekwencja<\/h5><\/li><li><h5>sumienno\u015b\u0107<\/h5><\/li><li><h5>samodzielno\u015b\u0107 w dzia\u0142aniu<\/h5><\/li><li><h5>otwarto\u015b\u0107 i komunikatywno\u015b\u0107 w nawi\u0105zywania kontakt\u00f3w<\/h5><\/li><\/ul>\t\t<\/div>\n\n\t\t\r\n\t\t\t\t<\/div><!-- .dslc-module -->\r\n\t\t<\/div><\/div><\/div>\r\n\t\t\t<div  class=\"dslc-modules-section  dslc-full \" style=\"padding-top:5px;padding-bottom:5px;background-color:rgba(0,0,0,0);\" data-section-id=\"a12c9b0d0ba\">\r\n\t\t\t\t\r\n\t\t\t\t\r\n\t\t\t\t<div class=\"dslc-modules-section-wrapper dslc-clearfix\"><div  class=\"dslc-modules-area dslc-col dslc-12-col dslc-last-col dslc-valign- \" data-size=\"12\" data-valign=\"\" data-modules-area-id=\"\" ><style type=\"text\/css\" id=\"dslca-modules-area-\"><\/style>\r\n\t\t<div id=\"dslc-module-cn63oo9nd6o\" class=\"dslc-module-front dslc-module-DSLC_Text_Simple dslc-in-viewport-check dslc-in-viewport-anim-none  dslc-col dslc-12-col dslc-last-col  dslc-module-handle-like-regular \" data-module-id=\"cn63oo9nd6o\" data-module=\"DSLC_Text_Simple\" data-dslc-module-size=\"12\" data-dslc-anim=\"none\" data-dslc-anim-delay=\"\" data-dslc-anim-duration=\"650\"  data-dslc-anim-easing=\"ease\" data-dslc-preset=\"none\" >\r\n\r\n\t\t\t\r\n\t\t\t\r\n\t\t\n\t\t<div class=\"dslc-text-module-content\">\n\t\t\t<h2 style=\"text-align: center;\"><strong>Zainteresowania<\/strong><\/h2><ul><li><h5>sztuka walki i ta\u0144ca Capoeira<\/h5><\/li><li><h5>ksi\u0105\u017cki<\/h5><\/li><li><h5>film<\/h5><\/li><li><h5>grafika i obr\u00f3bka obrazu<\/h5><\/li><li><h5>technologie analityczne<\/h5><\/li><li><h5>praca z tekstem<\/h5><\/li><li><h5>gotowanie<\/h5><\/li><\/ul>\t\t<\/div>\n\n\t\t\r\n\t\t\t\t<\/div><!-- .dslc-module -->\r\n\t\t<\/div><\/div><\/div><\/div><\/div>","protected":false},"excerpt":{"rendered":"<p>Pracownik bran\u017cy\u00a0badania i rozw\u00f3j Profil kompetencji znajomo\u015b\u0107 bran\u017cy Life-Science czternastoletnia praktyka w prowadzeniu prac\u00a0B+R wieloletnie do\u015bwiadczenie w kszta\u0142ceniu do\u015bwiadczenie w zarz\u0105dzaniu projektami i zasobami ludzkimi prowadzenie analiz statystycznych korekta tekst\u00f3w, przygotowanie grafiki, prezentacja wynik\u00f3w bieg\u0142a<a class=\"read-more\" href=\"https:\/\/www.mirekandrusiewicz.pl\/?page_id=66\">Continue reading<\/a><\/p>\n","protected":false},"author":1,"featured_media":0,"parent":0,"menu_order":0,"comment_status":"closed","ping_status":"closed","template":"","meta":{"footnotes":""},"class_list":["post-66","page","type-page","status-publish","hentry"],"_links":{"self":[{"href":"https:\/\/www.mirekandrusiewicz.pl\/index.php?rest_route=\/wp\/v2\/pages\/66","targetHints":{"allow":["GET"]}}],"collection":[{"href":"https:\/\/www.mirekandrusiewicz.pl\/index.php?rest_route=\/wp\/v2\/pages"}],"about":[{"href":"https:\/\/www.mirekandrusiewicz.pl\/index.php?rest_route=\/wp\/v2\/types\/page"}],"author":[{"embeddable":true,"href":"https:\/\/www.mirekandrusiewicz.pl\/index.php?rest_route=\/wp\/v2\/users\/1"}],"replies":[{"embeddable":true,"href":"https:\/\/www.mirekandrusiewicz.pl\/index.php?rest_route=%2Fwp%2Fv2%2Fcomments&post=66"}],"version-history":[{"count":1,"href":"https:\/\/www.mirekandrusiewicz.pl\/index.php?rest_route=\/wp\/v2\/pages\/66\/revisions"}],"predecessor-version":[{"id":79,"href":"https:\/\/www.mirekandrusiewicz.pl\/index.php?rest_route=\/wp\/v2\/pages\/66\/revisions\/79"}],"wp:attachment":[{"href":"https:\/\/www.mirekandrusiewicz.pl\/index.php?rest_route=%2Fwp%2Fv2%2Fmedia&parent=66"}],"curies":[{"name":"wp","href":"https:\/\/api.w.org\/{rel}","templated":true}]}}